e -4*x + 2*q = -189366, -25*x - 47324 = -26*x - 3*q. Is x a composite number?
False
Let k(r) = 23916*r**2 - 93*r + 1. Is k(-4) composite?
False
Let a = 136298 - 15271. Is a a prime number?
False
Is (43439/(-242))/((-3)/354) composite?
True
Let j(k) = 1549*k**2 + 60*k - 50. Is j(-9) prime?
False
Let f = 1189664 + -773933. Is f composite?
True
Let a = 826318 - 347267. Is a composite?
True
Is (8 - -7 - 27) + 176303 a composite number?
True
Suppose -5*a = -2*l + 153983, -230972 = 2*l - 5*l + 5*a. Is (-4)/3*l/(-44) prime?
True
Let g = -1836 - -3289. Let b = g - 1010. Is b a prime number?
True
Let p = -5197 + 1830. Let b = 1862 + p. Let t = -1056 - b. Is t prime?
True
Suppose 0 = 48*j - 49*j - 3050. Is j/(-6) - 0 - 4/(-6) a composite number?
False
Suppose -3*i - 178790 = -5*a, -a - 21188 = 2*i - 56959. Is a a prime number?
False
Suppose -1350*f - 73324 = -1354*f. Is f prime?
False
Let j be (-3)/(3*2/8). Suppose 10*n - 7*n = 9. Is (1 - j/(-3)) + 1402/n prime?
True
Let w(v) = 30812*v**2 + 58*v - 185. Is w(3) a prime number?
True
Is ((-3)/2 - (-655369)/(-6))/((-86)/258) a prime number?
True
Let a(i) = -6 - 30*i - i**3 - 15*i**2 + 12*i - 4 - 9*i. Let u be a(-13). Suppose 616 = 4*h - 2*h + 2*x, -h + u*x = -320. Is h prime?
True
Let f(g) = 12*g**2 - 8*g - 7. Let t be f(-7). Suppose -804 = -13*n + 496. Let i = t - n. Is i a prime number?
False
Suppose -9*s = -11 + 11. Suppose 8*l - 27837 - 91 = s. Is l prime?
True
Let f = 871 - -5455. Is f prime?
False
Let w(z) = -z - 22. Let b be w(-25). Let u(c) = 18*c + 26. Let l be u(b). Suppose -y + l + 7 = 0. Is y prime?
False
Let o be (-14948 - (-8 + 1))/(-1). Let b = -7910 + o. Is b composite?
True
Let b = 3391682 - 1590423. Is b prime?
True
Let z = -1582 - -316. Let s = 3523 + z. Is s a prime number?
False
Suppose 0 = -4*c + y - 5725, -3*c + 5*y - 2628 = 1687. Let d = c - -2432. Suppose -2*n + l = -d, 0*n + 994 = 2*n - 5*l. Is n a composite number?
True
Suppose 28*k - 4961891 = -2863695 + 7941288. Is k a composite number?
True
Let u(z) = 3*z**3 - 8*z**2 + z. Let j(p) = -p**3 + p**2 - p + 1. Let h(v) = 4*j(v) + u(v). Let n be h(-3). Suppose n*c + 1630 = 6*c. Is c a prime number?
False
Let y be (2/(-10))/((-4)/(-145))*-28. Let c = y + 6. Is c prime?
False
Let t = 70 + -59. Suppose 5*h - t = 4. Is (3681/27)/(3/27*h) prime?
True
Suppose 577*g - 575*g = 750. Let d = -174 + g. Is d a composite number?
True
Let m be -2*(4 - (-36)/(-8)). Let p be m/(-4 - 84/(-20)). Suppose -5*s + 5*y = -2745, 0 = p*s - 0*y + 5*y - 2785. Is s composite?
True
Suppose -10 + 4 = -2*x. Suppose -4 + 1 = -x*d + 5*j, -5*d + 39 = 3*j. Suppose d*q - 1564 = 2*q. Is q composite?
True
Suppose -11*h + 7*h = j - 273406, 0 = -2*h + j + 136700. Is h composite?
False
Let w = 751522 - 533975. Is w a composite number?
True
Let w(a) = -2923*a + 209. Is w(-14) a prime number?
True
Let t(i) = -i**2 + 27*i + 26. Let c be t(15). Suppose 5*s = 12089 + c. Is s composite?
False
Suppose 10*h - 80 = -10*h. Suppose -2*j - 3*j = 4*d - 415, 0 = -2*j - h*d + 154. Is j prime?
False
Suppose 2*x = 8, 10*z - 428870 = 8*z - x. Is z composite?
False
Suppose o + 55 = 51. Let q be ((-20)/(-8) + o)*2/(-3). Is 6828/9 + q - 8/(-6) prime?
True
Suppose -2*k + 105 = 3*k. Suppose k = -2*p + c + 3, 0 = 2*c + 4. Is (-3776)/p + 9/(-15) composite?
True
Let r(i) = -8*i - 2. Let u be r(-2). Is (316/10)/(u/35) prime?
True
Let f(m) be the third derivative of m**6/40 + 7*m**5/30 - 19*m**4/3 + 25*m**3/6 - 260*m**2. Is f(16) composite?
True
Let n(z) = -1154*z**2 + 5*z + 40. Let k be n(-10). Is 1/7 - (5 - k/(-42)) a prime number?
False
Suppose -791*b = -775*b - 719248. Is b prime?
True
Let v be ((-16)/10)/(39/(-8970)). Suppose -v - 1003 = -b. Is b a composite number?
True
Suppose 8 = 5*z + d, -2*z - 3*z - 10 = -5*d. Let v be 3/((-6)/8*z). Is -3*(v - -5) - -224 a prime number?
False
Suppose -141*t + 85560190 - 13538361 + 73674740 = 0. Is t composite?
False
Let q(g) be the second derivative of 2*g**7/315 + g**6/240 - g**5/40 - g**4/3 - 10*g. Let h(p) be the third derivative of q(p). Is h(2) a composite number?
False
Suppose 4*j + 670*t - 116233 = 673*t, -j + 3*t + 29056 = 0. Is j composite?
False
Let i be 1 - (-13)/5 - 16/(-40). Let o = i - 7. Is ((-2)/(-8) - (-2607)/4) + o a prime number?
False
Let j = 281 + -248. Suppose -j*t + 28*t = -10105. Is t composite?
True
Suppose 9 = g - 4*n, 2*g + 129 = 7*g + n. Suppose 0 = 5*t + 130 - g. Is (t/6)/(7/(-70)) composite?
True
Is ((-3158)/8)/((-6270)/696 - -9) composite?
True
Suppose -6*v + v + s = -127822, 0 = 5*s - 15. Suppose -3*g - g = 20, -v = -3*m + g. Suppose 2*i - 4608 = -4*o, -2*i + m - 2761 = 5*o. Is o a composite number?
False
Is (31578 + (-3 - 56/(-12)))/((-5)/(-15)) composite?
True
Let b(a) = -1298*a + 7851. Is b(-41) prime?
False
Let i be -4 - (1 - (-1 - -22)). Is 4156*((-12)/i - -1) composite?
False
Let o(n) = n**3 - 9*n**2 - 20*n - 16. Let b be o(11). Let c(s) = 3*s**2 + 102 + b*s**2 - 82 - 11*s + 5*s**2. Is c(6) a prime number?
False
Suppose 0 = 4*h + 3*i - 188756, -2*h + 5*i = -60547 - 33831. Is h a composite number?
False
Suppose 5234 + 54911 = 3*o + 4*k, 2*o = k + 40082. Suppose 21*f - 63264 - o = 0. Is f composite?
False
Let l(w) = -2*w. Let z(s) = 5282*s - 1. Let u(a) = -5*l(a) - z(a). Is u(-1) a prime number?
True
Let s(z) = -4*z + 122. Let x be s(28). Is (-4 + -6253)/(9 - x) prime?
True
Suppose 67*z - 1998481 - 192995 = 264275. Is z composite?
False
Let d be ((6 - 2)/(-4))/(8/3608). Suppose 3*x - 2285 + 326 = 0. Let r = d + x. Is r a composite number?
True
Let c = 26 - 26. Suppose -2*v = -2*u - 32304, c = v - 2*u + 7271 - 23422. Is v a composite number?
True
Let g = -375 - -799. Suppose -o - g = 7*o. Let d = 176 + o. Is d a composite number?
True
Let t be (-272)/(-102)*3/2. Suppose 3368 = -5*p + t*p. Let n = -489 - p. Is n prime?
True
Is (9 + 11 + -21)*(-40893 - 4) composite?
False
Let w = 2650181 + -1883574. Is w prime?
False
Let v(a) = -a**3 + 5*a**2 + 2*a - 9. Let z(t) = 6*t**2 + 2*t - 10. Let n(g) = -3*v(g) + 4*z(g). Is n(7) a composite number?
False
Let r = 49632 - 33136. Let b = r - 10723. Is b prime?
False
Let r be 2*14/21*47271. Suppose -10*c = 18*c - r. Is c prime?
True
Let k be (-24)/(-9)*(-15)/(-20). Suppose 0 = k*w - 5*v - 18051, 8556 + 18540 = 3*w - v. Is w a prime number?
False
Let k(v) = 12652*v**2 - 113*v + 23. Is k(-14) a composite number?
True
Suppose 124*r = 1326920 + 2077748. Is r a prime number?
True
Let s = 517 - -225. Suppose -s = -y + 25. Is y a composite number?
True
Let y(o) = -o**3 - 19*o**2 - 5*o + 14. Let n be y(-11). Let c = n + 1985. Let j = -605 + c. Is j prime?
False
Is (635687575/50)/41 + 5/2 a composite number?
True
Let z(l) = 415*l + 14. Let x(f) = -415*f - 12. Let d(o) = -4*x(o) - 5*z(o). Is d(-5) a prime number?
True
Let s = 175355 + -108996. Is s composite?
False
Let n = 24045 - 817. Suppose 3*a = -i + n, 7766 = a + 32*i - 27*i. Is a a composite number?
False
Suppose 5*p - 4*c = 1450965, 20*c = -3*p + 18*c + 870601. Is p a composite number?
True
Suppose -j + 12*j = 5*b + 7010, 4*j - 2550 = 2*b. Suppose -2*i + 4 = -2. Suppose -2*z = -i - j. Is z a composite number?
True
Let c(x) = 5*x**2 - 1. Let n(o) = -1802*o**2 + 18*o - 13. Let r(u) = -5*c(u) - n(u). Is r(1) a composite number?
False
Suppose 22*q - 127266 = 5*q + 186877. Is q a prime number?
False
Suppose 4*y = -2*z + 40, 4*z - 1 = y - 11. Suppose y*f + 23282 = 128392. Is f composite?
True
Let z(l) = -4*l**3 + 3*l**2 - 2*l + 6. Let h be (1 + 11/(-2))/(10/20). Let c be z(h). Suppose 421 = -2*j + c. Is j a prime number?
True
Let l = 85468 - 16277. Is l composite?
False
Let n be 1/(-15) + (-1)/(-15). Suppose -3*u - 27*u + 116790 = n. Is u a composite number?
True
Let h(v) = 5*v - 50 - 15 + 108. Let w be h(-7). Is -8*(-2 - 126/w) a prime number?
False
Suppose 7*t = 11*t - 2*q + 270, -4*t - 2*q = 290. Is (-2)/(t/20391) + (-4)/(-10) a composite number?
True
Let o = -813 + 876. Let p be (20/6)/((-4)/(-30)). Let u = o - p. Is u a prime number?
False
Suppose 2*u + 85 = -5*w, 0 = 3*u - 0*u + 3*w + 132. Let b = u + 46. Is 1 + -1 + 1 - (b - 791) a prime number?
False
Let n(f) = -2*f**3 - 5*f**2 - 1. Suppose -2*y - 3*y - 7 = 4*d, -3*y = -2*d + 13. Let z be 2*(d + -3) - (-38)/(-19). Is n(z) a prime number?
True
Suppose 70 + 173 = -27*k. Is (47382/k)/(2/(-